third derivative of r(q). Is x(9) composite?
False
Suppose -2*b = -5*v + 57, -2*v + 3 = -4*b - 23. Suppose 0 = 8*g - 13 - v. Suppose 4583 = 4*l - g*l. Is l a prime number?
True
Let m be (-860)/(-110) + -8 - (-291)/(-33). Let d(w) = -4*w**3 + 2*w**2 - 5*w - 20. Is d(m) composite?
True
Suppose 9116 + 1704 = 20*n. Is n*((-6 - -11) + 8) a composite number?
True
Let n(d) = d**2 + 2*d - 3. Let z be n(-3). Suppose 0*i = 4*l + 5*i - 20, -l + 5*i + 5 = z. Suppose s - 2*v + 2444 = l*s, s = 4*v + 611. Is s a prime number?
False
Suppose -5*q - 250 = -70. Let s = -37 - q. Is s*3 + (9 - -97) composite?
False
Let f be ((-11)/(-4))/((-3)/(-24)*-2). Let q(k) = -3*k**2 - 40*k + 1. Let j(t) = -6*t**2 - 79*t + 3. Let z(c) = f*q(c) + 6*j(c). Is z(-10) composite?
False
Suppose 46 = 85*c - 62*c. Suppose 11*g = 3*s + 6*g - 13418, -g = -c*s + 8957. Is s a composite number?
False
Suppose -637253 = -3*c + 63*y - 59*y, 0 = -8*c - y + 1699283. Is c composite?
False
Is ((-74)/4)/((-65)/751270) a prime number?
False
Suppose 2*v + 12 = u + 6*v, 0 = -2*u - v + 10. Let c be u/(2 - 10) - (-5)/2. Suppose c*f = 1518 - 32. Is f composite?
False
Let x(b) = -218*b + 53. Suppose -2*r = -7*r - 50. Let j be ((-8)/r)/(6/(-45)). Is x(j) a composite number?
False
Let c(v) = -22 - 238*v + 99*v - 75*v - 281*v. Is c(-5) composite?
True
Suppose -133*x - 917147 = -6688150. Is x prime?
True
Suppose -5*v = 1 + 29. Is 2 + 426 + v/6 a composite number?
True
Suppose -2*s + s = -12. Suppose -6*c - 22722 = -s*c. Suppose c - 815 = 4*r. Is r prime?
True
Let x = -15949 + 6203. Let p = -2943 - x. Is p prime?
True
Let a(p) = 8952*p**2 + p + 38. Is a(3) a prime number?
False
Let d(y) be the second derivative of -7*y + 3/4*y**4 - 11/3*y**3 + 0 + 5*y**2. Is d(9) prime?
True
Suppose -4*o - 11*o + 1652863 = -2380682. Is o prime?
False
Suppose 3*j + 2*j = -5*o + 8685, 5*j - 5*o - 8635 = 0. Let n = 3255 - j. Is n composite?
False
Suppose -4*x - 55 - 81 = -4*d, -4*d + 96 = 4*x. Suppose -5*u = 4*l - d, -16 = l - 3*l - 4*u. Suppose -2*v = l*v - 616. Is v a composite number?
True
Let g be 5/40*-5*-8. Suppose g*f - 8551 = -3*i, -2*i - 822 = f - 2535. Is f a prime number?
True
Let h = 25407 + -21766. Is h composite?
True
Let m(n) = 9*n**2 - n - 29. Let c be (-22)/(-6) - (-6)/18. Suppose 0 = -c*y + 5*f - 51, f + 6 = y + 18. Is m(y) a composite number?
False
Suppose -361*a = -348*a - 133627. Is a prime?
False
Suppose 6*j - j + 3*b = 403204, 4*b + 403183 = 5*j. Is j prime?
False
Suppose 0 = 6*y - 0*y. Let f be (-4 - 0)*(-3 + y). Let w(q) = 129*q - 10. Is w(f) composite?
True
Suppose 0*m - 50446 = -m + 15267. Is m a prime number?
True
Suppose 103*n + 796681 = 104*n - 4*p, 5*n - 2*p - 3983369 = 0. Is n prime?
True
Let r(d) = -3*d - 3*d**2 - 13*d + 2*d**2 + 2*d**2 - 13. Let z be r(17). Let b(v) = 174*v + 13. Is b(z) prime?
True
Let l = -2127 - -1365. Let d be -2*(l/(-3) - 3). Let g = -285 - d. Is g a composite number?
True
Let o = -37876 - -98633. Is o composite?
False
Let u(b) = 103 - 734*b + 28 + 30. Is u(-31) prime?
False
Suppose 31*x - 33*x - 17476 = 0. Let i = x - -13029. Is i prime?
False
Let b be 14/(-4) + (-4)/8. Suppose c = -2*u - 2*u - 9, 0 = -3*u - 4*c - 23. Is 2 - (1 + u) - (b + -45) prime?
False
Suppose -3*d = k - 34, 0 = k + k - 3*d - 32. Suppose k*o - 26706 = 2620. Is o prime?
False
Let p(k) = -149*k + 337. Let r(n) = -7*n**2 - 3*n + 2. Let i be r(1). Is p(i) composite?
True
Suppose g = -r + 3, 3*g + 5*r = -0*r + 5. Suppose -2*j = -m - 19307, -g*j + 5*m = -6*j + 9670. Is j a composite number?
True
Is (-7)/((24/(-17211))/8) a prime number?
False
Suppose 19*f - 15 = 14*f, 0 = 3*s - 3*f - 1455. Suppose 481*o + 82537 = s*o. Is o prime?
False
Suppose 6*t - 9*t + 3*c = -6669, 2*c = 0. Let w = t + 496. Is w prime?
True
Suppose -3*u - 28 = -u. Let j be u/(-4 + (2 - 0)). Suppose -2*o = -j*o - 3*v + 1672, -1010 = -3*o + 5*v. Is o a prime number?
False
Suppose 5*f - 3*f = 16912. Suppose -7*j + f = j. Let o = j + 916. Is o a prime number?
True
Let l(t) = 2*t**3 - 72*t**2 - 114*t + 38. Is l(42) prime?
False
Let q = 34902 - -28925. Is q prime?
False
Let r(g) = 984*g + 243. Is r(5) prime?
False
Let k = 3 + -1. Let d be (k + -1 + -3)/(-1). Let s(h) = 40*h**3 + h - 3. Is s(d) a composite number?
True
Is (-36552456)/(-56) + (125/35 - 3) prime?
True
Let k be (18/(-4))/(25/(-50)). Suppose 0 = 20*t - k*t - 2057. Is t a composite number?
True
Suppose -5*j + 970206 = -z, 5*z + 659272 + 310938 = 5*j. Is j a prime number?
False
Suppose 4*w = -5*p - 25, 5 = 3*w - 3*p - 10. Suppose 5*s + 2*a - 2755 = w, -4*s + a = -289 - 1928. Is s a prime number?
False
Let n(x) = 23*x - 42. Let b be n(17). Suppose -123 + 9 = -q. Let f = b - q. Is f a prime number?
False
Let c(y) = -y**2 - 12*y - 12. Let r be c(-6). Is r/(-21) - -1 - 22158/(-21) a prime number?
False
Let z(m) = -m**2 + 2*m. Let d(k) = -k**2 + 14*k. Let y be d(14). Let j be z(y). Suppose j + 4 = o, -4328 = -4*r + 5*o. Is r a prime number?
True
Let c be ((-2907)/27)/((-2)/(-24)). Let q = c - -5839. Is q prime?
True
Suppose 5*b = 4*b + 4. Suppose -b*a = 341 + 3523. Let h = 1619 + a. Is h a prime number?
True
Let n be 1198/2 + (0 - (-3 + 1)). Let m = n + -186. Is m a composite number?
True
Is 12/(-20) + 6973928/130 composite?
True
Is (-3)/(-2) - (959/(-14)*3133 - -11) composite?
True
Suppose -s + 3*p = -2681 - 44246, 0 = 5*p + 30. Is s prime?
False
Let h(y) be the first derivative of y**3/3 - 13*y**2/2 - 11*y + 32. Let t be h(24). Suppose t + 748 = 7*j. Is j composite?
True
Let n = -4980 - -5139. Is n prime?
False
Let r(i) = 298*i**2 + 3*i - 49. Is r(12) composite?
False
Is 544/(-816) + (-2853502)/(-6) a composite number?
False
Suppose 360 = 2*r - 17388. Suppose -15*c + r = 3*c. Is c a prime number?
False
Let z be -99767 + 6 + (-2 - -7). Is (-2)/(-5) - z/60 a prime number?
True
Suppose -2*x = 5*g - 2211660 + 319897, 0 = -4*g + 5*x + 1513417. Is g composite?
False
Let v(n) = -n - 1. Let p(o) = -o**2 + 12*o - 6. Let a(x) = -p(x) - 2*v(x). Let w be a(9). Is (-1 - 1)/w - (0 - 4251) prime?
True
Let t(n) = -25*n**2 - 22*n - 80. Let h(s) = s**2 + s. Let w(a) = -6*h(a) - t(a). Is w(-23) a composite number?
True
Let b = 406272 + 90173. Is b a prime number?
False
Let v = -75481 - -122755. Suppose 13*i = v + 27853. Is i composite?
False
Suppose j - 40105 = 6*o, -4*j + 75635 = 4*o - 84757. Is j a prime number?
True
Suppose -4*l = -3*u - 129949, 4*l = -23 + 39. Is 16/(-184) + u/(-23) a composite number?
True
Let n = 5 - -118. Suppose 0 = -131*o + n*o + 199976. Is o prime?
False
Suppose 0 = 4*w - 3*t + t - 28, -16 = -w + 5*t. Suppose -w*z - 11435 = -11*z. Is z a composite number?
False
Let k = -59 - -60. Let u be 1/k + (-15)/(-3) + 6339. Suppose -9*q - 2088 = -u. Is q composite?
True
Suppose o - 413152 = -4*q, -16*o - 206594 = -2*q - 12*o. Is q a prime number?
True
Suppose 47*l + 17232902 = 53790301. Is l composite?
False
Let l(b) = -212993*b - 11. Let v be l(-22). Is v/605 + (-4)/22 prime?
False
Let i be (6/10)/(3/15). Suppose 2*b + 1665 = i*m, -5*m + 0*b = -2*b - 2775. Let f = m + -29. Is f a composite number?
True
Suppose -3*z = c, 2*c = -3*z - 2*c. Suppose 4*y - 7*y + 12 = z. Suppose 0 = y*x - 66 - 2906. Is x prime?
True
Let q = 371255 + -222276. Is q a composite number?
True
Suppose 2*f - f - 866 = 0. Suppose 2*o = f - 326. Suppose 5*x - m - 327 = -2*m, -o = -4*x - 5*m. Is x a prime number?
False
Let t(r) = 10*r**2 + 35*r + 43. Let q be t(-20). Let m = q - 446. Is m prime?
True
Let t(g) = 24214*g**2 - 144*g + 1. Is t(2) a prime number?
False
Suppose 0 = 3*n + n + 496. Let f = -8 - -529. Let o = f + n. Is o a composite number?
False
Let s = 912621 + -452804. Is s a prime number?
True
Is (-410)/(-123) - (-1324203)/9 composite?
False
Let z = -74 + 76. Suppose 3*v - 26 = -5*u, 3*v = -v + z*u. Suppose v*r = -5*p + 1589, -4*r + 3160 = 4*p - 0*p. Is r a composite number?
False
Let a(n) = 124*n + 2003. Is a(6) a composite number?
True
Let z = 837967 + 358012. Is z prime?
True
Let m = 6 - -6. Suppose 0 = -2*f - f - m, 0 = -t - f + 4267. Is t a prime number?
True
Let j(u) = u**2 - u + 8. Let k be j(-4). Suppose 5*q = -2*q + k. Suppose q*r - 5051 = -1647. Is r a composite number?
True
Let g(p) = -150*p**2 + 4*p - 2. Let j(i) = 450*i**2 - 12*i + 5. Let u be (4/10)/((-1)/(-20)). Let k(n) = u*g(n) + 3*j(n).